*3/3 + 3*u**2/2 - 19*u + 8. Let x be n(8). Let g be (-26)/(-6) - x/(-75)*-5. Let p(c) = c + 4. What is p(g)?
8
Suppose h = w + 8, 3*w = 3*h - 5*h - 9. Let p(d) = 7*d - 20. What is p(h)?
1
Let d(v) = -3*v - 5. Let m(o) = -2*o - 7. Let l be m(-5). Let c(p) = p**2 - 2*p - 9. Let t be c(l). Determine d(t).
13
Let w(t) = -2*t + 3*t + 5 + 1 + 2*t. Let c(f) = -4*f + 16 - 28 - 19 - 11*f. Let g(n) = 2*c(n) + 11*w(n). Calculate g(6).
22
Let d(v) be the first derivative of -v**2/2 + 10*v - 7. Suppose 6*z - 8 = 4*z, 0 = l + z - 12. Determine d(l).
2
Let o(h) = -h**3 - 6*h**2 + 6*h - 3. Suppose -47*l + 840 = -17*l. Suppose l = -r + 21. Calculate o(r).
4
Let r(m) be the first derivative of -m + 5/3*m**3 - 46 + 1/2*m**2. Let k be 4/5 - (-1)/5. Determine r(k).
5
Let r(l) = 19*l - 16. Let b(q) = 35*q - 30. Let k(f) = 6*b(f) - 11*r(f). Suppose -4*j - 2 = 10. Let t be j/(-2*(-4)/(-24)). Determine k(t).
5
Let y(d) = -13 + 60 - 23 + 13 - 22*d + 33. Give y(3).
4
Let o(m) be the third derivative of -41*m**4/24 + 125*m**3/6 + 2*m**2 + 597*m - 1. Give o(3).
2
Suppose -135 + 282 = -49*q. Let n(a) = -a**3 - 2*a**2 + a - 8. Calculate n(q).
-2
Let u be (148/16 + -6)*-76. Let g = 254 + u. Let f(l) = -l - 9. Calculate f(g).
-16
Let l(t) = 4*t - 5*t - 4*t + 44604 - 44603. Suppose 4*v - 5*n = -3*n + 32, -34 = -5*v + n. Determine l(v).
-29
Let n(p) = -p**3 + 11*p**2 - 12*p - 12. Let m = -9148 + 9157. Calculate n(m).
42
Let w(h) be the third derivative of h**5/12 - h**4/8 - 3*h**3/2 + 1151*h**2. Give w(-3).
45
Let m(o) = -o**3 + 17*o**2 + o - 20. Suppose -5*y + 10*d - 7*d + 79 = 0, -2*y = -2*d - 30. What is m(y)?
-3
Suppose 105*s - 101*s - 28 = 0. Let z(h) = 11*h**2 - 12*h**2 + s*h - 9*h - 2 + h**3. Let u = -6 - -4. Give z(u).
-10
Let i(b) = -b**2 + 76*b + 1823. Let p be i(-19). Let v(a) = 12*a - 40. Determine v(p).
176
Suppose 32 = -5*w + 2*f + 81, 0 = -3*w + 5*f + 56. Let h(v) = -7*v - 13. Let t(b) = -8*b - 14. Let x(m) = -6*h(m) + 5*t(m). Calculate x(w).
22
Let m(t) = t**2 + 10*t + 9. Suppose 3*u = -v - 5 - 1, -16 = 4*u. Let c(n) = -n**3 + 5*n**2 + 3*n + 10. Let o be c(v). Give m(o).
-7
Let t(h) = -h**2 - h**2 - 4*h + 6*h + 1. Let i be 61/9 - 48/(-216). Suppose 6*u = 7*u + m, i = -3*u + 4*m. Calculate t(u).
-3
Let g(p) = 3 - 8 - 7973*p - 11 + 7974*p. Give g(7).
-9
Let s(r) = r**3 + 47*r**2 - 52*r - 185. Let u(c) = c**3 - 91*c**2 + 90*c - 48. Let h be u(90). Calculate s(h).
7
Suppose -o + 4 = 0, u + 3*o - 5*o = -47. Let j = -36 - u. Let p(f) be the third derivative of f**5/60 - 2*f**3/3 - 9*f**2. Calculate p(j).
5
Let m(g) = -g**2. Suppose -30 = 73*z + 65 + 51. What is m(z)?
-4
Let i = -2736 + 2745. Let w(k) = k**2 - 8 - 4*k - 6*k + 2*k. Calculate w(i).
1
Let z = 264 - 259. Suppose 0 = 6*h - 10*h + c + 21, -z*c + 20 = 5*h. Let o(p) = p + 7. Calculate o(h).
12
Let s(x) = -x. Suppose 5 = -v + 11. Let p(y) be the second derivative of -y**4/12 + 4*y**3/3 - 3*y**2/2 - 21*y. Let t(h) = v*s(h) + p(h). Determine t(2).
-3
Suppose -20 = -5*m, -3*u + 11*m = 14*m - 12. Let o(c) = 2*c - 1 + 6*c**3 - 7*c**3 - c - 6. Calculate o(u).
-7
Suppose 14*b - 13*b - 213 = 0. Suppose b = -2*c + 211. Let v(g) = 0 - 5 + 6*g**2 + 4 - 2*g. Determine v(c).
7
Let c(q) = -q**3 + 4*q**2 + 10*q - 7. Let u be (18/(-4) - 0)/(221/(-884)). Let h be (u/15)/(10/50). Calculate c(h).
-19
Let s be -12*-2*5*(-5)/30. Let b be 1/(-3) - (s/6 - -1). Suppose -4*r - u = -4, 2*r - u + b*u = 0. Let g(p) = -p + 1. Determine g(r).
-1
Suppose -22*b + 377 = 311. Let r(i) be the second derivative of 10*i - 3/2*i**2 + 2/3*i**b + 0. Determine r(2).
5
Let g(u) = 2*u. Let p be 6/14 - 32/(-56). Let k(z) = -z - 1. Let r(v) = p*k(v) - 3*g(v). Determine r(-6).
41
Suppose 149 + 1149 = -2*y. Let l = 658 + y. Let t(q) be the first derivative of -q**4/4 + 3*q**3 + q**2/2 - 9*q + 1. Determine t(l).
0
Let f be (8/(-2) - -1) + 10*(3 + -1). Let q(k) = -k**2 + 12*k + 27. What is q(f)?
-58
Let w(b) = -3*b**2 + 30*b + 7. Let q(k) = -13*k**2 + 133*k + 31. Let p(a) = -2*q(a) + 9*w(a). Suppose 3*z + 0*z - 9 = 0. What is p(z)?
4
Suppose 0 = a - c - 8, 0 = 5*c - 3*c - 2. Suppose a*f - 22*f = -26. Let n(p) = -4*p**3 - 2*p - 1. Give n(f).
-37
Let l = -8671 + 8688. Let c(b) = -b**3 + 16*b**2 + 18*b - 34. Give c(l).
-17
Let y = -48 - -50. Let p(h) = 21*h**3 - 15*h**3 - 7*h**3 - 5 - h - 7*h**y. Determine p(-7).
2
Let y be -2*(20/8 - 4). Let l be 5/1 + (-2 - y). Let d(r) = 6*r - 14*r + l*r - 9*r. Determine d(1).
-17
Let n(t) be the third derivative of t**5/60 - 23*t**4/24 - 4333*t**2 + 1. Determine n(22).
-22
Let m be 4/10 + 1460/100. Suppose 32*l = 47*l - m. Let g(h) be the third derivative of -h**5/12 + h**4/12 - h**3/6 + h**2. Give g(l).
-4
Suppose -127*w = 14*w - 1833. Let n(u) = u**3 - 12*u**2 - 10*u - 31. What is n(w)?
8
Let g(i) = 18*i - 256. Let k be 230/16 + (-219)/584. Let y be g(k). Let m(s) = -s**3 - 4*s**2 + 2*s + 7. What is m(y)?
-1
Let y(o) = 12*o - 11. Let c be y(2). Suppose -19*i - 36 = -c*i. Let n(j) = j - 1. Let g(m) = -m**2 - 13*m + 8. Let q(z) = -g(z) - 6*n(z). Determine q(i).
-8
Let p(h) = 3*h**2 - 20*h + 22. Suppose 2*v = -2*y + 91 - 67, 5*v - 5*y = -10. What is p(v)?
-3
Let a(p) = 3*p - 6. Let k(z) = -16*z - 1. Let j(s) = -3*s - 2. Let o(y) = 4*j(y) - k(y). Let d(n) = -8*a(n) + 5*o(n). Calculate d(9).
-23
Let o(t) = 2*t + 93. Let n(f) = 23. Let p(h) = 9*n(h) - 2*o(h). Calculate p(6).
-3
Let o(b) = 2*b + 9. Suppose -145 = -5*n - 2*i - 3*i, 88 = 4*n - 3*i. Suppose -52 = 11*s + n. Determine o(s).
-5
Let t be ((-119)/(-35))/((-12)/(-10860)). Let a(u) = -u - 6 - t*u**2 - u + 3076*u**2. Determine a(-4).
-14
Let f(m) = 6*m**2 - 8*m**2 + 4*m - m - 2*m. Let n(j) = j**2 + 56*j + 587. Let x be n(-14). Determine f(x).
-3
Suppose 4*y - 9 = -1. Let n(t) = 3*t**2 - 7*t - 3*t**y - t**2. Let r be -19 + (312/12)/2. Give n(r).
6
Let z(f) = 7*f**2 + 2*f - 2. Let w be -6*3/(-9) + 2*1. Let v be (6/w)/(1/4). Let o(g) = -3*g + 16. Let c be o(v). Calculate z(c).
22
Let k(g) be the second derivative of -g**5/20 + 7*g**4/12 - g**3/3 - 44*g. Suppose -3*p - 2*p + 4 = 2*q, -p + 33 = 5*q. Calculate k(q).
-14
Suppose -2*j = 4*z - 6*j - 20, 5*z + 3*j = 1. Suppose -30 = -z*b - 38. Let s(i) be the first derivative of i**4/4 + 4*i**3/3 - i**2/2 + i - 1. What is s(b)?
5
Let u(r) be the first derivative of -r**4/4 + 2*r**3 + 7*r**2/2 - 37*r + 2455. What is u(6)?
5
Let p(o) = 3*o**2 + 10*o + 19. Let h(j) = -13*j**2 - 39*j - 75. Let w(z) = -2*h(z) - 9*p(z). What is w(-10)?
-1
Let t(o) = 6*o + 3. Let v(u) = 7*u + 3. Let f(j) = 5*t(j) - 4*v(j). Let h(a) = -292*a - 2926. Let y be h(-10). Calculate f(y).
-9
Let g(h) = 3*h**3 - 24*h**2 - 1. Suppose 9979*z = 9978*z + 8. Calculate g(z).
-1
Let n(a) be the third derivative of -a**5/30 + 19*a**4/8 + 11*a**3/2 - 1192*a**2. Give n(29).
4
Let d = 1585 - 1578. Let m(h) = 4*h + 6*h + 9 - 4*h. Let p(w) = -6*w - 10. Let f(j) = d*m(j) + 6*p(j). Give f(-3).
-15
Let d(a) be the second derivative of a**4/12 + a**3 + 3*a**2/2 - 122*a. Suppose -6 = -2*w + 4*x - 2, -2*w = -5*x - 5. Suppose 5*i + 12 + 18 = w. What is d(i)?
3
Let h(y) = -5*y**3 + 94*y**2 + 18*y + 20. Let m be h(19). Let p(g) = 23*g**2. Calculate p(m).
23
Let o(k) be the first derivative of 5*k**4/2 + 2*k**3/3 - 2*k**2 + 3*k + 38. What is o(1)?
11
Let t = -3078 - -3104. Let j(u) = -3*u + 80. Determine j(t).
2
Let o(f) = f - 1 + 3 + 4. Let g(s) = s**2 + s**2 - 3*s + 2 - 3*s**2 + 56*s**3 - 59*s**3. Let q be g(1). Determine o(q).
1
Let c(n) be the third derivative of -n**7/840 - n**6/120 + n**5/40 + n**4/6 + 109*n**3/6 + 93*n**2. Let j(g) be the first derivative of c(g). Give j(-3).
-5
Let p = -9 - -5. Let z(s) = -32*s + 2. Let k(f) = 49*f - 2. Let i(v) = 5*k(v) + 8*z(v). Let t(g) = 13*g - 7. Let b(m) = 6*i(m) + 5*t(m). What is b(p)?
5
Suppose 27*m - 166 = 239. Let w(o) = 2*o**2 - 36*o + 33. Determine w(m).
-57
Let o(b) = -81*b**2 - 14*b - 6. Let a(g) = -15*g**2 - 2*g - 1. Let p(y) = 5*a(y) - o(y). Determine p(-3).
43
Let u(k) = -k**3 - 22*k**2 + 160*k - 228. Let q be u(-28). Let f(m) = m**3 - 5*m + 11. What is f(q)?
-33
Let w be -197 + 174 - ((-3)/(-12))/((-1)/(-8)). Let y(k) = k**3 + 26*k**2 + 28*k + 28. Determine y(w).
-47
Let c(v) = 7*v + 2*v - 21*v + 13*v - 2 + 1. Suppose 0 = x - 3*r + 12, 6*x - 2*r + 8 = x. Give c(x).
-1
Let f(m) = 0 - 10*m - 1 + 2. Let z(y) = -y**3 + 27*y**2 +